0 - 320. Suppose 15*l = a*l - 6535. What are the prime factors of l?
1307
Suppose -2*p = 2*w + w + 22, -4*p = -w + 2. Suppose 2*r + s = -78, -5*r - 3306 = 4*s - 3111. What are the prime factors of (3714/26 - 2) + w/r?
3, 47
Let j = 4141 + 537. List the prime factors of j.
2, 2339
Let g be 2/10 + 1/(-5). Let f(j) = -35*j + 147. List the prime factors of f(g).
3, 7
Let a = -214 + 18. Suppose 2417 = 5*n - 4*m, 3*m + 466 = n + 8*m. Let o = n + a. What are the prime factors of o?
3, 5, 19
Let h(v) be the first derivative of -v**3/3 + 7*v**2 - 4*v - 18. Let q be h(11). Let x = q + -13. List the prime factors of x.
2
Suppose -2*h = -4722 - 1096. List the prime factors of h.
2909
Suppose 3*m + 0*m - 166 = -2*h, 0 = -h + 2*m + 69. Suppose -h - 11 = -4*u. What are the prime factors of u?
2, 11
Let b be -4 + (-1)/(3*(-3)/(-45)). Let t(q) = 12*q**2 - 23*q - 36. What are the prime factors of t(b)?
3, 127
Let m = -46 + 4248. List the prime factors of m.
2, 11, 191
Let r(d) = -3779*d - 2119. What are the prime factors of r(-7)?
2, 23
Let x(y) = y + 7. Suppose 0 = -3*s + 3, -10 = 3*t + s - 2. Let b be x(t). Suppose b*h - 708 = -2*h. List the prime factors of h.
2, 59
Let p(d) = -451*d + 8. Let l be p(1). Let j = l - -1099. What are the prime factors of j?
2, 41
Let s = 11832 + -9283. List the prime factors of s.
2549
Suppose -20*v - 63 = -29*v. Let s = 4 - 0. Suppose -g = -5*b + 464, 5*b - 472 = v*g - s*g. What are the prime factors of b?
2, 23
Let q = -101 - -178. Let x = q + 48. Suppose -4*m + 5*m = x. List the prime factors of m.
5
Let m be (-3)/9 - 11297/39. Let g = m - -427. What are the prime factors of g?
137
Suppose 3*g + 3*d - 1877 = 1432, -3*g + 3*d = -3333. What are the prime factors of g?
3, 41
What are the prime factors of ((-119)/(-2))/(24 - (-208292)/(-8680))?
5, 7, 17, 31
Let w(f) = -2*f**3 - 19*f**2 + 150*f + 109. List the prime factors of w(-19).
2, 29, 71
List the prime factors of (-53 - 21)/((-6)/927).
3, 37, 103
Let b = -38266 - -70743. List the prime factors of b.
47, 691
Suppose v + 5 = -15. Let m be (-1)/(-5) - 1516/v. Let b = -34 + m. List the prime factors of b.
2, 3, 7
Let r be ((-1)/3)/(1/(-6)). Suppose 6*v - 188 = r*v. Suppose v = 8*b - 161. What are the prime factors of b?
2, 13
Suppose 0*x + 3*x - 4*i = 54737, 0 = -5*i + 5. List the prime factors of x.
71, 257
Let v be 9 - -3 - -4 - -1. Suppose 0 = 4*s - g - 13, 4*g = 5*s - 11 - 19. Let d = v + s. What are the prime factors of d?
19
Suppose -32*g + 18*g + 126 = 0. Let x(s) = s**3 - 4*s**2 - 9*s + 21. List the prime factors of x(g).
3, 5, 23
Suppose 21*r - 53123 - 88312 = 0. List the prime factors of r.
3, 5, 449
Suppose -76*q + 81*q - 13065 = 0. List the prime factors of q.
3, 13, 67
List the prime factors of 10*((-238)/(-1547) - 1/(-26)*39139).
5, 3011
Suppose 7*q = 10*q - 12. Suppose 2 = c + 4*u, u = -4*c - 0*u + 8. Suppose -q*a + 77 + 101 = -c*z, a = 3*z + 37. List the prime factors of a.
2, 23
Suppose 3*k = -6, -12*u - 2*k = -13*u + 2024. What are the prime factors of u?
2, 5, 101
Let t = -3981 + 2567. Let y = t + 2137. What are the prime factors of y?
3, 241
Suppose a + 10 = 12. Suppose -b - 910 = -a*p, -2*p - 2*b = 3*b - 886. List the prime factors of p.
3, 151
Let o(u) = u**3 + 3*u + 285. Let n be o(0). What are the prime factors of n + -1 + -4 + 6?
2, 11, 13
Let m be ((-32)/(-2))/(19/152). Let i(a) = 2 - 2 - m*a + 151*a. List the prime factors of i(5).
5, 23
Let j(v) = 5*v**2 - 107*v - 2132. List the prime factors of j(-35).
2, 53, 73
Let n be (-8)/(-16)*1*8. What are the prime factors of 67459/35 - n/10?
41, 47
What are the prime factors of (-16124)/(-87)*144/2 - -8?
2, 1669
Let p(o) = -6*o + 11. Let l be p(5). Let m(a) = 3*a**2 - 6*a - 4. Let k be m(5). Let h = l + k. What are the prime factors of h?
2, 11
Suppose -2*p = -4, 3*p - 26 = -10*x + 8*x. Suppose -x*b = -1803 - 1677. What are the prime factors of b?
2, 3, 29
Let u be 0/((-5 + 17)/4). Suppose 3*y - 35 = -2*m - 2*m, u = -4*m + 20. List the prime factors of 5*(5/y - 0).
5
Let h = -43763 + 64204. What are the prime factors of h?
20441
Let j(d) = 172*d**2 + 446*d + 24. List the prime factors of j(-11).
2, 3, 5, 59
Let f be 884 + 30 - ((-2)/2 + -1). Let y = f - 590. What are the prime factors of y?
2, 163
Suppose 16*y - 14*y + 44 = 0. Let l be 45/(-55) + 4/y. Let o = 15 + l. What are the prime factors of o?
2, 7
Let x(q) = -42*q**3 + 99*q**2 + q - 49. What are the prime factors of x(-11)?
3, 13, 37, 47
Let c = 13943 - 5880. What are the prime factors of c?
11, 733
Let g be (-6 - (-6)/3)*-290. Suppose 6*j = g + 448. List the prime factors of j.
2, 67
Let v be 16/12*3 + -66. Let c = v - -147. Let k = 7 + c. List the prime factors of k.
2, 23
Let n(i) be the second derivative of 2*i**3 - 4*i**2 - 8*i. Let k be n(4). Let s = k + 119. List the prime factors of s.
3, 53
Let u(q) = -q**2 + 9*q - 74. Let i be u(14). Let g = 765 - i. List the prime factors of g.
3, 101
Let f(u) = 14 + 2*u - u**2 - 4 + 14*u + 8*u. What are the prime factors of f(10)?
2, 3, 5
Let k(n) = n**3 - 4*n**2 + 8*n + 4. Let z be k(4). Suppose -1421 + z = -5*t. List the prime factors of t.
277
Let d be 993/27 + 1 - 2/(-9). Let f = -33 + d. Suppose -f*a - 14 = -x + 98, 241 = 3*x + 4*a. List the prime factors of x.
3, 29
Let x = -700 - -715. List the prime factors of (-5582)/(-4) - (-9)/(54/x).
2, 3, 233
Let d(w) = -668*w + 347. What are the prime factors of d(-10)?
7027
Suppose -3*s = -12, -4*w = 5*s - 7949 - 3331. Suppose 0*v - 2 = 2*v, -4*v - w = -3*i. Suppose 2633 - i = 8*p. What are the prime factors of p?
2, 53
Let q(g) = -g**2 + 17*g - 6. Let t = -46 - -52. Let k be q(t). Suppose 5*j = 5*n - k, n + 4*j - 24 = j. What are the prime factors of n?
3, 5
Let m(u) = 332*u - 115. Suppose -5*j = -13*o + 9*o + 33, -28 = -4*o + 4*j. What are the prime factors of m(o)?
3, 61
Let j = 213 - 194. What are the prime factors of ((-5388)/(-16))/(-2 + j/8)?
2, 449
Let b(q) = q**2 - 71*q + 1554. List the prime factors of b(0).
2, 3, 7, 37
Let m(s) = 87*s**3 + s**2 - 44*s - 5. List the prime factors of m(6).
67, 277
Let f be 26/(-39)*-3*1 - -1. What are the prime factors of 135 + (f + 1)*5/20?
2, 17
Suppose 0 = -y - 3*h + 3855, -167*y + 3*h = -170*y + 11541. List the prime factors of y.
3, 7, 61
Let q be ((-3)/9)/((-17)/(-1122)). List the prime factors of (1894/(-4))/(11/q).
947
Suppose 0 = -5*k - 3*u + 58611, -22*k + 3*u - 46893 = -26*k. What are the prime factors of k?
2, 3, 7, 31
Suppose 249*k - 261*k + 122808 = 0. List the prime factors of k.
2, 7, 17, 43
Let u be (-6 - 110/(-20)) + 27/2. Let s(v) = v**3 - 10*v**2 - 21*v - 20. List the prime factors of s(u).
2, 107
Let r(g) = 8*g**2 + 34*g + 381. List the prime factors of r(-31).
5, 23, 61
Let w be (21/(-35))/((-2)/30). Suppose 3*l + 4*x = 19, 4*l + 4*x - 15 = w. Suppose l*r - 505 = -70. List the prime factors of r.
3, 29
Let j(o) = -5*o - 568*o**2 - 102 + 569*o**2 - 30*o. What are the prime factors of j(-14)?
2, 73
Suppose -2*g = t - 1, -t - 4*g + 6 = 7. Suppose x = -5*i + 10*i + 544, -t*x + 1572 = -3*i. List the prime factors of x.
3, 173
Suppose -v + 4*t - t = -1, -7 = -2*v + t. Let m be (-582)/((-3)/(0/v + 2)). Suppose -5*q + m = 4*h, -4*q + 7*h = 6*h - 323. List the prime factors of q.
2, 5
Let o(m) = -m**2 - 5*m - 8*m + 2*m**2. Let t be o(-13). Let k = t + -109. What are the prime factors of k?
229
Suppose 4*b + 2*b = -30. Let l(o) = 5*o + 28. Let j be l(b). Suppose 0*f = -2*f + 2*p + 148, -94 = -f - j*p. List the prime factors of f.
79
What are the prime factors of ((-3281877)/(-1116))/(-1 - 10/(-8))?
3, 1307
Suppose -1198*c + 1159*c = -160836. List the prime factors of c.
2, 1031
Suppose y + 3*y = 16. Let x(r) = r**3 - 5*r**2 + 4*r + 2. Let h be x(y). Suppose -h*w - 170 = -5*i, -3*i + 0*w + 102 = 2*w. List the prime factors of i.
2, 17
Let w(q) = -q**3 + 13*q**2 - 6*q + 11. Suppose -b = -15 - 12. Suppose -2*k + 51 = b. List the prime factors of w(k).
83
Let v(d) = -d**2 + 92*d - 345. List the prime factors of v(26).
3, 457
Let g(l) = 5*l**2 + 119*l - 63. What are the prime factors of g(-41)?
3463
Suppose -108*i + 105*i - 2*z = -30543, -20373 = -2*i - 5*z. List the prime factors of i.
3, 13, 29
Let w(o) = o**3 - 4*o**2 - o - 28. Let m be w(-6). Let u = m + 720. List the prime factors of u.
2, 13
Suppo